63
What are the prime factors of 124188304?
2, 7761769
What are the prime factors of 39635210?
2, 5, 23, 389, 443
List the prime factors of 305624878.
2, 13, 17, 331, 2089
List the prime factors of 585804275.
5, 7, 17, 223, 883
List the prime factors of 1666643074.
2, 277, 883, 3407
What are the prime factors of 1544990987?
41, 5009, 7523
What are the prime factors of 589417828?
2, 147354457
List the prime factors of 4708359366.
2, 3, 784726561
List the prime factors of 120534313.
383, 314711
List the prime factors of 12037564.
2, 7, 11, 17, 19
What are the prime factors of 976090902?
2, 3, 162681817
What are the prime factors of 166901846?
2, 23, 757, 4793
What are the prime factors of 1192241313?
3, 132471257
What are the prime factors of 64053219?
3, 21351073
What are the prime factors of 74938164?
2, 3, 7, 43, 20747
List the prime factors of 627190156.
2, 156797539
What are the prime factors of 28325762?
2, 14162881
What are the prime factors of 4111041077?
11, 13, 19, 71, 101, 211
List the prime factors of 247895430.
2, 3, 5, 41, 43, 109
List the prime factors of 53501030.
2, 5, 11, 43, 11311
What are the prime factors of 380080644?
2, 3, 167, 189661
What are the prime factors of 4340213766?
2, 3, 7, 223, 1907
What are the prime factors of 464351613?
3, 11, 73, 192757
List the prime factors of 200351452.
2, 7, 7155409
List the prime factors of 170742290.
2, 5, 631, 27059
What are the prime factors of 4425927028?
2, 107, 491, 21061
List the prime factors of 112413609.
3, 7, 11, 139, 389
What are the prime factors of 1444646508?
2, 3, 120387209
List the prime factors of 874206590.
2, 5, 137, 167, 3821
What are the prime factors of 22517177?
347, 64891
List the prime factors of 78878394.
2, 3, 7, 208673
List the prime factors of 38608822.
2, 7, 2757773
What are the prime factors of 532463838?
2, 3, 29, 3060137
List the prime factors of 800426265.
3, 5, 349, 152899
List the prime factors of 14181855.
3, 5, 945457
List the prime factors of 47376647.
53, 569, 1571
What are the prime factors of 4634048805?
3, 5, 308936587
What are the prime factors of 11942980?
2, 5, 7, 23, 3709
What are the prime factors of 2989249274?
2, 11, 311, 433, 1009
What are the prime factors of 72089570?
2, 5, 7, 31, 139, 239
List the prime factors of 179081245.
5, 7, 5116607
List the prime factors of 906792982.
2, 41, 1021, 10831
What are the prime factors of 2735523529?
131, 20881859
What are the prime factors of 35537742?
2, 3, 1974319
What are the prime factors of 201880283?
11, 18352753
List the prime factors of 1175758297.
7, 31, 593, 9137
What are the prime factors of 9648208?
2, 603013
What are the prime factors of 123573984?
2, 3, 311, 4139
What are the prime factors of 2200186357?
2969, 741053
What are the prime factors of 245927272?
2, 30740909
List the prime factors of 1138318515.
3, 5, 2810663
List the prime factors of 530256005.
5, 43, 1321, 1867
What are the prime factors of 110482248?
2, 3, 23, 71, 2819
List the prime factors of 2000502052.
2, 500125513
What are the prime factors of 56285818?
2, 71, 396379
List the prime factors of 1812593132.
2, 7, 64735469
List the prime factors of 360084748.
2, 3907, 23041
What are the prime factors of 7865740624?
2, 7, 3911, 17957
What are the prime factors of 130173774?
2, 3, 31, 283, 2473
What are the prime factors of 2308037453?
17, 2347, 57847
List the prime factors of 99398933.
99398933
List the prime factors of 123750096.
2, 3, 1291, 1997
What are the prime factors of 112789426?
2, 173, 181, 1801
What are the prime factors of 6254303611?
311, 20110301
What are the prime factors of 2513269556?
2, 7, 89759627
What are the prime factors of 25065311?
25065311
List the prime factors of 908657465.
5, 181731493
What are the prime factors of 1104598730?
2, 5, 113, 977521
List the prime factors of 780392784.
2, 3, 29, 211, 2657
What are the prime factors of 171463133?
7883, 21751
List the prime factors of 2155195597.
1723, 1250839
What are the prime factors of 4671726711?
3, 53, 29381929
What are the prime factors of 1165326400?
2, 5, 7, 104047
What are the prime factors of 5998933?
5998933
List the prime factors of 37838508.
2, 3, 3153209
List the prime factors of 321760417.
11, 2659177
What are the prime factors of 1540738692?
2, 3, 173, 82463
What are the prime factors of 1987648520?
2, 5, 11, 13, 19, 18289
List the prime factors of 1204583099.
53, 22727983
List the prime factors of 3375376699.
3375376699
List the prime factors of 406041411.
3, 233, 580889
List the prime factors of 154784337.
3, 17, 3034987
What are the prime factors of 200934087?
3, 37, 1810217
What are the prime factors of 797564132?
2, 137, 1455409
List the prime factors of 174599553.
3, 58199851
What are the prime factors of 4717770299?
11, 71, 6040679
List the prime factors of 1169869044.
2, 3, 67, 89, 16349
What are the prime factors of 2436872770?
2, 5, 23, 10595099
What are the prime factors of 135802174?
2, 157, 432491
What are the prime factors of 121282347?
3, 59, 89, 7699
What are the prime factors of 544758899?
19, 28671521
List the prime factors of 2080490242.
2, 37, 43, 653831
List the prime factors of 69506430.
2, 3, 5, 7, 330983
List the prime factors of 4429116033.
3, 163, 9057497
What are the prime factors of 438238366?
2, 23, 139, 68539
List the prime factors of 2556622974.
2, 3, 353, 1207093
List the prime factors of 155581437.
3, 11, 67, 6397
List the prime factors of 1229456968.
2, 67, 269, 8527
What are the prime factors of 1848265557?
3, 616088519
What are the prime factors of 51898159?
809, 64151
List the prime factors of 71390882.
2, 5903, 6047
What are the prime factors of 91472300?
2, 5, 914723
List the prime factors of 719518399.
719, 1000721
List the prime factors of 134562727.
13, 10350979
What are the prime factors of 454254156?
2, 3, 1402019
What are the prime factors of 1301803400?
2, 5, 6509017
List the prime factors of 27107389.
163, 166303
What are the prime factors of 1443665935?
5, 107, 2698441
What are the prime factors of 3609292813?
7, 179, 411503
What are the prime factors of 50145047?
19, 2639213
What are the prime factors of 91141877?
91141877
List the prime factors of 157071156.
2, 3, 11, 1189933
What are the prime factors of 24705646?
2, 7, 167, 10567
What are the prime factors of 84811484?
2, 2861, 7411
What are the prime factors of 801473378?
2, 127, 3155407
List the prime factors of 101487884.
2, 4493, 5647
What are the prime factors of 818408479?
7, 79, 293, 5051
List the prime factors of 1017551735.
5, 41, 4963667
List the prime factors of 1522003.
7, 217429
What are the prime factors of 10280157?
3, 97, 35327
What are the prime factors of 365354463?
3, 17, 83, 86311
List the prime factors of 28922050.
2, 5, 578441
List the prime factors of 15417606.
2, 3, 17, 151153
What are the prime factors of 118808135?
5, 829, 28663
What are the prime factors of 275547742?
2, 53, 2599507
List the prime factors of 733222414.
2, 37, 9908411
List the prime factors of 247530081.
3, 17, 19, 467, 547
What are the prime factors of 51533188?
2, 7, 17, 108263
List the prime factors of 2347792617.
3, 782597539
What are the prime factors of 7445272576?
2, 7, 619, 839
List the prime factors of 508546404.
2, 3, 4708763
List the prime factors of 52521298.
2, 1019, 25771
What are the prime factors of 238834523?
157, 761, 1999
What are the prime factors of 3092024899?
3092024899
List the prime factors of 71394098.
2, 397, 89917
What are the prime factors of 7241639?
1553, 4663
What are the prime factors of 53569194?
2, 3, 7, 1275457
What are the prime factors of 1299854111?
1299854111
List the prime factors of 112452923.
11, 29, 73, 439
What are the prime factors of 500032971?
3, 1129, 49211
What are the prime factors of 13073520?
2, 3, 5, 19, 47, 61
What are the prime factors of 4136193015?
3, 5, 275746201
What are the prime factors of 27649717?
27649717
List the prime factors of 3319426341.
3, 7, 11, 17, 281761
List the prime factors of 61230914.
2, 30615457
What are the prime factors of 219197687?
167, 1312561
List the prime factors of 543457612.
2, 941, 144383
What are the prime factors of 2991137274?
2, 3, 71, 127, 6143
What are the prime factors of 2326088607?
3, 157, 4938617
List the prime factors of 13705159.
13